se 3*m + 3*s - 18 = 0, m - 5*s = -3*m + 15. Suppose m*u = -20, 15 + 3 = o + 2*u. What are the prime factors of o?
2, 13
Suppose -14 = -2*k - 2. Suppose 5*f - k*f + 6 = 0. List the prime factors of f.
2, 3
Let l be 4/6 - (-2)/6. Let q be 1 - 0 - (4 + l). Let y = 11 + q. What are the prime factors of y?
7
Let f = 1 + 6. Let u = 7 - f. Suppose u = -2*o + 6, 6*m - o - 52 = m. What are the prime factors of m?
11
Let q(z) = z**3 + 2*z**2 - 6*z + 3. Let c be q(-6). What are the prime factors of (c/(-28))/(3/40)?
2, 5
Let a = -13 + 14. List the prime factors of (58*a/2)/1.
29
Let o = 9 + 37. What are the prime factors of o?
2, 23
Suppose -5*t + 125 = 3*p, 0*p - 2*p + 4*t = -98. List the prime factors of p.
3, 5
Let g(i) = -i**3 + 9*i**2 - 6*i - 4. List the prime factors of g(8).
2, 3
Let w = -71 - -149. What are the prime factors of w?
2, 3, 13
Let z = -3 + 4. Let i = -3 - z. Let b = i + 9. List the prime factors of b.
5
Suppose -2*l - 1 = -5. Let j be (-8)/(-44) - (-6)/(-33). Suppose 12 = l*i - j*i. List the prime factors of i.
2, 3
Let d = -9 - -6. Suppose -5*h + 12 = b, -2 - 2 = -4*h. Let t = b + d. List the prime factors of t.
2
Let d(b) = b**3 - b**2 + 2*b - 2. Let t be d(2). Suppose -t = -4*f + 2. Suppose 5*q - 62 = l, -q + 5*l + 24 = f*q. What are the prime factors of q?
13
Suppose -3*r + 5*g - 16 = 0, r - 2*g - 3*g = -22. Suppose 0 = -4*o - r - 9, 3*i - o = 102. What are the prime factors of i?
3, 11
Suppose 3*o - 86 = 2*z + o, 4*z + 2*o = -178. Suppose 3*m + 2*m + w - 494 = 0, 4*m + 5*w - 391 = 0. What are the prime factors of m/z*8/(-3)?
2, 3
Let d be (28/12)/(1/15). Suppose -5*i = 2*u - d, -5*i + 22 + 58 = 5*u. Let n = u - 9. List the prime factors of n.
2, 3
Suppose g = 5*g - 164. Let l = -20 + g. What are the prime factors of l?
3, 7
Let a = 5 - 2. Let v be (7 - a)*8/2. Suppose -4*h = 5*y - v, -6*y + 16 = 4*h - 3*y. What are the prime factors of h?
2
Suppose -5*v = -3*z - 25, 5*z + 8 + 17 = 5*v. Suppose v*r - 2*r + 2*n + 20 = 0, r + 2*n + 12 = 0. What are the prime factors of 15/((-2)/r*3)?
2, 5
Suppose -2*h + 88 + 24 = 4*b, 3*b = 3. List the prime factors of h.
2, 3
Let w(x) = -5*x**3 - x**2 + 9*x + 9. What are the prime factors of w(-4)?
277
Let v = 2 + 4. Let k be (-14)/2*v/7. Let n = -4 - k. What are the prime factors of n?
2
Let r be -8*(3 + -4)/2. Let v(m) = m**2 + 3. List the prime factors of v(r).
19
Let v = 9 - -6. What are the prime factors of v?
3, 5
Let b be -1*(-3 + (-8)/(-2)). What are the prime factors of 1 - (-1)/(-1)*b?
2
Let l(s) = s**2 + 2*s - 2. Let d be l(2). Suppose 0 = -d*o + 7*o - 3. Let y = 4 + o. What are the prime factors of y?
7
Suppose 2*l + 4*h - 9 - 43 = 0, -131 = -4*l + h. List the prime factors of l.
2
Suppose -76 = -5*n + 254. Suppose h + n = 4*h. List the prime factors of h.
2, 11
Suppose -c - 62 = -k, 0 = -k + 5*k + 2*c - 224. What are the prime factors of k?
2, 29
Let f(g) = 1 + 1 + g + g**2 + 0 - 2*g**2. Let q be f(2). Suppose 0*z - z = -3*w - 27, q = z + 2*w - 7. What are the prime factors of z?
3, 5
Suppose 0 = b + w - 13, -17 = -0*b - b - 5*w. Suppose 0 = 2*h + h - b. What are the prime factors of h?
2
Let x = 707 + -379. What are the prime factors of x?
2, 41
Suppose -3*t - 73 + 1 = 0. What are the prime factors of 0 - t - (-1 + 4)?
3, 7
Suppose 287 - 812 = -7*b. List the prime factors of b.
3, 5
Let a be (-19)/(4/(-80)*-4). Let j = -38 - a. What are the prime factors of j?
3, 19
Suppose -4*b + 50 = 2. List the prime factors of b.
2, 3
List the prime factors of (-8)/2 + 4 - -82.
2, 41
Let f(k) = -k**3 + k + 31. List the prime factors of f(0).
31
Let h = 20 - -10. What are the prime factors of h?
2, 3, 5
Let r(z) = -z + 2. Suppose -6*q = -q + 30. List the prime factors of r(q).
2
Suppose 0 = -0*o - 3*o + 24. Suppose 4*u - 9 = u + 3*l, o = 2*u - l. What are the prime factors of u?
5
Let p(i) = i**3 - 8*i**2 + 8*i - 2. Let v be 63/(-6)*2/(-3). What are the prime factors of p(v)?
5
Suppose 1 = i - 2*i. List the prime factors of (0 - -14) + 0 + i.
13
Let d(p) = -2*p**3 - 2*p**2 + 3*p + 2. Let i be d(-2). Suppose -5*t + 45 = -0*t + 2*w, -w - 49 = -i*t. List the prime factors of t.
11
Let w(z) = -1 + 5 + z + 3. Let s be w(-6). Suppose 3*i + 3 = 5*t + 6*i, -5*t - s = 4*i. What are the prime factors of t?
3
Let p(a) = 5*a**2 - 4*a + 29. List the prime factors of p(7).
2, 3, 41
Suppose k + 5 = 0, -5*k = -3*j + 46 + 153. Suppose 2*b + 2*s = 96, b - j = -0*s + 4*s. List the prime factors of b/3 - 3/(-9).
17
Suppose -4 = -5*d + 16. Suppose -3*o + 6*f + 26 = 2*f, 3*f = d*o - 37. Suppose -40 = -4*a - 0*n - 4*n, 2*a - 3*n = o. List the prime factors of a.
2
Let d(k) = 2*k**3 + 2*k**2 - 1. Let w be d(1). Suppose w*b = 7 + 11. List the prime factors of 0 - b/2 - -12.
3
Let o(b) = -b**2 - 9*b - 10. Let x be o(-8). Let f = -4 - x. What are the prime factors of 5 + (f*1)/(-2)?
2, 3
Let p be (-6)/4*2/3. Let n(v) = 4*v**2 - 4*v**2 + v**2 + v - 5*v**3. List the prime factors of n(p).
5
Suppose d - 2*d - 3 = 0. Let w = 10 - d. What are the prime factors of w?
13
Let z = -4 + 8. Let g = z - 3. What are the prime factors of 8*-3*g/(-4)?
2, 3
List the prime factors of ((-162)/(-5))/((-14)/(-35)).
3
Suppose 0 = -5*t + z + 4*z - 75, z = 2*t + 25. Let l = t + 6. List the prime factors of l/14 + (-30)/(-7).
2
Suppose 0 = -11*j + 651 - 123. List the prime factors of j.
2, 3
Let n be 225/36 - (-2)/(-8). Suppose i - n - 12 = 0. List the prime factors of i.
2, 3
Let y be (-9)/15 - (-112)/20. List the prime factors of y + 9 - 2*1.
2, 3
List the prime factors of (-55)/80*-4*1*76.
11, 19
Let a(z) = -4*z**2 + 3 + 2*z**2 + z**2 + 10*z. What are the prime factors of a(6)?
3
What are the prime factors of 12/16*(2 + 22)?
2, 3
What are the prime factors of (1 - -84) + (-2 - -5)?
2, 11
Suppose -10 = -2*l + p, -3*p = -0*l - 2*l + 14. List the prime factors of l.
2
Let a(p) = p**2 - 2*p + 2. Suppose -2*m - 4 = d - 0*d, 3*m + 2*d = -5. What are the prime factors of a(m)?
17
Let c = -10 + 41. What are the prime factors of c?
31
Suppose -2*u + 14 = -b, u = 2*b - u + 18. Let i(m) = -3*m - 6. Let r be i(b). What are the prime factors of (-4)/(r/(-21) - 0)?
2, 7
Let y = -157 - -402. What are the prime factors of y?
5, 7
Let k(g) be the first derivative of -2*g**2 - 4*g - 2. List the prime factors of k(-4).
2, 3
Suppose -35*q + 98 = -33*q. What are the prime factors of q?
7
What are the prime factors of (-27 + 2)*(-6)/10?
3, 5
Let o = 46 - 30. Let c(t) = t - 9. List the prime factors of c(o).
7
Let p(u) = u - 20. Let k(h) = h + 2. Let z be k(-2). Let i be p(z). Let c = i - -30. List the prime factors of c.
2, 5
Suppose -3*t = -3*b - 0*b - 189, 4*t - 252 = 5*b. List the prime factors of t.
3, 7
Let o(z) = -8*z**3 + 2*z + 1. Let s be o(-1). Suppose f = -3*i, -3*i + s*i = 2*f - 10. What are the prime factors of 2 + (-3 - (-9)/f)?
2
Let h(j) = -2*j + 8. What are the prime factors of h(0)?
2
Suppose 2*o = -3*o + 25. Suppose a - 2 + 9 = 4*i, -o*i + 14 = 4*a. List the prime factors of 5*i - (-4 - -3).
11
Suppose -4*k = -k + g + 39, -k + 4*g = 0. Let v = 6 + k. What are the prime factors of v/21 + (-72)/(-7)?
2, 5
Let k(f) = f**3 + 9*f**2 - f + 4. What are the prime factors of k(-9)?
13
Let g = 33 + -10. Let j = 3 + g. What are the prime factors of j?
2, 13
Suppose 2*v + 2*v = 120. Let d = 46 - v. List the prime factors of d.
2
Suppose 5*s + 0*s - 40 = 0. List the prime factors of 16/6*36/s.
2, 3
Let d(f) = 17*f + 4. Let t be d(4). Suppose 0 = 2*h + 4*h - t. What are the prime factors of h?
2, 3
Suppose x = 4*x - 21. Suppose b = -2*b - 3. Let c = b + x. What are the prime factors of c?
2, 3
Let v(n) = n**3 - 4*n**2 + 2*n - 3. Let l be v(4). Let i(y) = l*y - 4*y**2 + 4*y**2 + y - y**2. List the prime factors of i(3).
3
Let a = -4 + 6. Let u be (-6)/a*(-6)/(-9). Let g = 4 - u. What are the prime factors of g?
2, 3
Suppose -a - 2 = r, -4*a = 3*r + 4 + 2. Let m be 8/6*3/2. Suppose 3*z + 11 = -m*x, -5*x + 3*z = -a*x - 25. List the prime factors of x.
2
Let t = -1 + 1. Suppose t = 5*f + 2*q - 204 + 25, 142 = 4*f + q. List the prime factors of f.
5, 7
Let j be (-3)/((-27)/6)*6. Suppose -3*d + j = -2*d. Suppose -9 = d*l - 69. What are the prime factors of l?
3, 5
Suppose 0 = w - 3*w + u + 92, 5*w = 2*u + 229. Let n = 69 - w. Suppose -2*m + n - 4 = 0. What are th